 -3. Suppose -2*p - u = -9. Suppose -2*t + p*t - 5*l = 75, 0 = -4*t - 2*l + 90. What are the prime factors of t?
5
Suppose 2*o - 261 = q, -q = -2*o + 3*o - 126. What are the prime factors of o?
3, 43
Let o(c) = 2*c**2 - c. Let t = -15 + 10. What are the prime factors of o(t)?
5, 11
Let r(v) = -v**3 - 7*v**2 + 13*v - 3. Let b = 41 - 77. Let w = 27 + b. List the prime factors of r(w).
2, 3, 7
Let x(k) = k**3 + 18*k**2 + 21*k + 19. Let a be x(-17). Let d = 70 + a. List the prime factors of d.
3, 7
Let r(s) = -10*s**3 - 8*s - 9. Let z be r(-2). Suppose -z = -4*a + 33. What are the prime factors of a?
2, 3, 5
Let r = -394 + 3056. List the prime factors of r.
2, 11
Let v(r) = r**2 - 17*r + 23. Let f(b) = b + 37. Let c be f(-21). What are the prime factors of v(c)?
7
Let x(s) = 6*s - 3. Let j(b) = 1. Let c(o) = -2*j(o) - x(o). Let p be c(-1). Suppose -2*f = -3 - p. What are the prime factors of f?
5
Let a(c) = 2*c**3 + 5*c**2 + 5*c. Let z be a(-2). Let l = -3 + 4. What are the prime factors of l/z + (-31)/(-6)?
5
Let o(a) = a**2 + 3*a + 24. List the prime factors of o(19).
2, 13, 17
What are the prime factors of ((-612)/8)/(((-18)/(-32))/(-3))?
2, 3, 17
Let s(y) = -y + 10. Let x be s(7). List the prime factors of -4*((-57)/2)/x.
2, 19
Suppose -10451 = -23*t + 20*t + 5*b, -4*t + 13953 = -3*b. List the prime factors of t.
2, 3, 97
Suppose -4*t + y + 2*y - 30 = 0, 4*y = 8. Let o = -4 - t. Suppose 3*r = h + 16 + 1, 32 = 5*r + o*h. What are the prime factors of r?
2, 3
List the prime factors of 102/((42/105)/(52/10)).
2, 3, 13, 17
Let h(c) = -11*c**2 + 6*c - 14. Let u(r) = 5*r**2 - 3*r + 7. Let y(d) = -6*h(d) - 13*u(d). List the prime factors of y(8).
3
Suppose 15*m = 8*m + 3934. What are the prime factors of m?
2, 281
Let w be 13*8 - 0 - 3. Let s = w + -67. Suppose -i + 0 = -s. List the prime factors of i.
2, 17
Suppose -z + 5 + 25 = -5*u, -12 = -z - 4*u. What are the prime factors of 4 - ((-5)/5 - z)?
5
Suppose 32*m = 41*m - 11709. List the prime factors of m.
1301
Suppose -19*q + 24750 = 14*q. List the prime factors of q.
2, 3, 5
Suppose -18*k = -23*k + 4*p + 10621, -4*p - 8496 = -4*k. What are the prime factors of k?
5, 17
Suppose 0*w = 5*w - 5. What are the prime factors of 705/(-6)*(-3 + w)?
5, 47
Let t(f) = 82*f**2 + 10*f + 26. What are the prime factors of t(-3)?
2, 367
Suppose -5*q + 168 = 3*p - 0*p, -2*q = 6. Suppose -r + 3*s = -0*r + 46, 117 = -3*r + 2*s. Let j = p + r. What are the prime factors of j?
2, 3
Let i = -97 - -77. What are the prime factors of (-6 + 72/i)*20/(-1)?
2, 3
Let c = -25 + 32. Suppose c*r - 1475 = 2*r. Suppose -6*l - 5*o = -l - r, 0 = -4*l + 4*o + 196. What are the prime factors of l?
2, 3
Let b = 5916 - 2213. List the prime factors of b.
7, 23
Suppose 0 = -3*v + m + 83, 84 = 4*v + 6*m - 2*m. Let t = v - 21. List the prime factors of 41 + t/(15/(-3)).
2, 5
List the prime factors of (-386)/(-1) + (-72)/(-12).
2, 7
Let l = 1024 - 654. Let c = -253 + l. What are the prime factors of c?
3, 13
Let x(i) be the third derivative of -i**6/360 + 3*i**5/40 - i**4/8 + i**3/6 + 4*i**2. Let h(v) be the first derivative of x(v). List the prime factors of h(4).
17
Suppose -15*x + 18463 = -27572. List the prime factors of x.
3, 11, 31
Suppose 4*v = 5*a, a = 2*a - v. Suppose 4*f - o - 104 = a, 0*f - 2*f - o + 52 = 0. List the prime factors of f.
2, 13
Suppose 16*m - 19*m + 2655 = 0. Suppose -7*t - 185 = -m. Suppose 0 = 5*a - 3*a - t. List the prime factors of a.
2, 5
Let x(y) = y. Let i(u) = -6*u + 8. Let z(a) = i(a) + 3*x(a). Let v = -16 - -8. List the prime factors of z(v).
2
Suppose 404*c + 3144 = 410*c. List the prime factors of c.
2, 131
Suppose -783 = -2*n - 41. List the prime factors of n.
7, 53
Suppose 2*t - 8583 = -8*a + 3*a, -t - 5141 = -3*a. List the prime factors of a.
5, 7
Suppose 4*c - 3*c - 1 = 0. Let h = c + -2. Let x(l) = 11*l**2. List the prime factors of x(h).
11
Suppose -2*r + 0*r = -2*u - 88, -4*u - 169 = 3*r. Let y(p) = -14*p + 9. Let k be y(6). Let h = u - k. What are the prime factors of h?
2
Let g(c) = -2243*c - 42. What are the prime factors of g(-2)?
2, 11, 101
Suppose 3*b - 6*b + 6 = 0. Suppose -5*x = 5*w - 20, 0*w + 3*w - 16 = -5*x. Suppose r + 26 = b*g - r, -x*g + 18 = 2*r. What are the prime factors of g?
11
Let h be ((-40)/(-8))/((-1)/(-110)). Let n = h + -355. List the prime factors of n.
3, 5, 13
Suppose 128277 + 72123 = 50*g. What are the prime factors of g?
2, 3, 167
Suppose -3*d + h + 99 = 0, -h = -4*h + 9. Suppose 3*n + 3*x - 32 - d = 0, 0 = -n + x + 20. What are the prime factors of n?
3, 7
Suppose 0*n = 4*f + 3*n - 44, 40 = 4*f + 2*n. Let m be (0/f)/(2 + 0). Suppose -4*b + 222 = 5*l, m = -4*l + 14 - 6. What are the prime factors of b?
53
Let v = 199 + 15. What are the prime factors of v?
2, 107
Suppose 5*v - 4*v - 604 = -3*i, 4*v - 2396 = -2*i. List the prime factors of v.
2, 13, 23
Suppose 0 = -3*o + 4*s + 9527, 2*s - 1619 = 2*o - 7973. What are the prime factors of o?
3181
Suppose 0 = 2*r + 23 + 15. Let c = r - -31. Suppose -3*k + 4*n = -171, 5*n - n + c = 0. What are the prime factors of k?
53
Let k = 12 + -10. Suppose 0 = k*a + c - 8, -a = -2*c - 3 - 1. Suppose -r + 50 = 2*f, -f - a*r + 50 = f. What are the prime factors of f?
5
Let j(m) = 2*m**3 + 1 + 2*m - 3*m**3 - 7*m**2 + 7 + 0*m. Let h be j(-7). Let w = h - -16. What are the prime factors of w?
2, 5
Let w(b) = 1453*b**2 - 17*b - 16. List the prime factors of w(-1).
2, 727
Suppose p - 4*m = 6*p - 36, 5*p = 3*m + 8. Let b be 4/(1 + 0/p). Suppose -b = -5*i + 3*i. What are the prime factors of i?
2
Let m = -13 + 18. Suppose -4*u = -m*u + 10. What are the prime factors of u?
2, 5
Suppose -22*r + 7482 - 904 = 0. List the prime factors of r.
13, 23
Let d(f) = f**2 + 2*f - 5. Let m be d(2). Suppose 2*r - 79 = -m. What are the prime factors of r?
2, 19
Suppose -13*f + 4*f = 1836. Let v = 405 + f. What are the prime factors of v?
3, 67
Let z be 590/(1 - (-1 + 0))*1. Suppose 94 = 3*t + 5*k, -5*t + 5*k - 85 = -z. What are the prime factors of t?
2, 19
Let c(s) be the third derivative of -s**4 - s**3/6 - 2*s**2 - 27*s. Let q = 1 - 2. What are the prime factors of c(q)?
23
Let k = -19 - -226. Let w = 354 - k. What are the prime factors of w?
3, 7
Let s(v) = -v**2 + 5*v + 0*v**2 + 0*v**2. Let i be s(7). Let d = -4 - i. List the prime factors of d.
2, 5
Let y(u) = 17*u**2 - 3*u - 18. What are the prime factors of y(-5)?
2, 211
Suppose 0 = 3*m + 197 + 37. Let l = 115 + m. What are the prime factors of l?
37
Let q(r) = -5*r - 21. Let n be q(-5). List the prime factors of 21/(-2)*-1*n.
2, 3, 7
List the prime factors of 12/(-27) - (51177/(-27) + -2).
7, 271
Suppose -2*r = -0*r - 2. Let d(w) = -w + 1. Let b be d(r). Suppose 2*c + 0*x + 3*x = 62, -3*c - x + 86 = b. What are the prime factors of c?
2, 7
Suppose -13*p + 5855 = -14399. What are the prime factors of p?
2, 19, 41
Let r be -24*43*(-1)/2. What are the prime factors of (-4)/(-28) - r/(-14)?
37
What are the prime factors of (-42)/(-28)*(-458)/(-3)?
229
List the prime factors of (0 + 2 - 14)*807/(-12).
3, 269
Let y = -601 + 1012. What are the prime factors of y?
3, 137
Suppose 2*t = 4*t - 2*w - 1708, -5*t + 4*w = -4267. What are the prime factors of t?
23, 37
Let i(r) = r**3 - 6*r**2 + 5*r + 2. Let w be i(5). Let o be 3 - (3 + 2 - 0). What are the prime factors of w + (o - -1)*0?
2
Suppose d = p + 748, -5*d + 3740 = 3*p - 5*p. What are the prime factors of d?
2, 11, 17
Suppose v - 2*g = 13, -34*v = -31*v + 4*g - 49. What are the prime factors of v?
3, 5
Suppose z - 2*a - a = 625, 5*z + 5*a = 3145. Suppose 0 = -2*w - 4, 3*u + 2*u = -w + z. What are the prime factors of u?
2, 3, 7
Let s(t) = 13*t**2 + 7*t + 80. What are the prime factors of s(-9)?
2, 5, 107
Suppose -y + 8*k - 9*k + 583 = 0, 5*y + k = 2927. What are the prime factors of y?
2, 293
Let s be -1 + (-9)/(-2) + (-7)/(-14). Suppose y + 2*c = 205, -2*y = -y - s*c - 217. What are the prime factors of y?
11, 19
Let o be ((-9)/6)/(1/(-2)). Let m = -70 - -215. Suppose 34 = -2*v + o*v + r, -5*r - m = -4*v. List the prime factors of v.
5, 7
Let f = -166 - -217. What are the prime factors of f?
3, 17
List the prime factors of ((-4242)/22)/(-1) + (-198)/(-1089).
193
Let g = -1396 - -4515. List the prime factors of g.
3119
Suppose 14628 = 4*i + 8*i. List 